6) + (-6 - 42 - -4).
-44
-1 - 9 - (16 + -38 + 112 + -7 + 7)
-100
37 - 28 - 88 - -37
-42
(6 - (4 + -10 + (-14 - -1 - -19))) + 5
11
(-133 - -129) + (3 - 3 - 39) + 10
-33
What is the value of 28 - -4 - (-77 + (35 - 3))?
77
-2 + 1 + 40 + -21 + -5 + (-10 - -9)
12
Calculate (-20 + 22 + -31 - -20) + (52 - -5).
48
-1 - -10 - 11 - (17 + -7 + -27)
15
Evaluate 0 - 6 - (202 + -152).
-56
Calculate 15 + 19 + 9 - (8 + 9).
26
What is 9 + 11 + (1 + 14 - (73 - 63))?
25
What is the value of (57 - -14) + (-87 - -64)?
48
Calculate 954 - 931 - (4 - (0 + 16)).
35
What is 1 - -27 - ((-10 - -6) + 1 - 13)?
44
What is -7 - (-27 - -73 - 50)?
-3
(0 - 10 - (2050 + -2061)) + -21
-20
Evaluate 13 - (7 - -12) - (19 + -23).
-2
Calculate 3 + 4 + -13 + 0 + -9 + -2.
-17
Calculate (9 - (-2 - -11 - 8) - 4) + 13.
17
Calculate (63 + (-52 - 31) - (1 + -12)) + 45.
36
Calculate (-2210 - -2221) + (88 - 1) - (8 - 2).
92
What is the value of 28 + 39 + -60 + 21 + 1?
29
Calculate 3 + (-158 - 2) + (-15450 - -15488).
-119
Calculate (4 + -59 - 3) + (469 - 461).
-50
Calculate (-25 - (3 - (-6 - -3))) + 28.
-3
Calculate -8 - (150 - 170) - (-1 - 8).
21
Calculate 54 - (6 + (3 - -106)).
-61
Calculate -18 - (-1 - (59 - 22)).
20
-3 + -3 + -1 - (-95 + 103 + 67)
-82
-11 + 1 + 2 - (-4 + -11)
7
Evaluate (-111 - -12) + -42 - -63.
-78
What is the value of -17 - (-5 + 3 - -11 - (-76 - -78))?
-24
Calculate -13 + (23 - ((21 - -11) + 8)).
-30
Evaluate 115 - (33 + -68 + 52).
98
Calculate -8 - (-111 - -60) - (0 - (4 - 2)) - -11.
56
-93 - -35 - (-25 - -11)
-44
What is (22 - 19) + -88 - (-1 + -7 + 13 - 1)?
-89
What is the value of -56 + 9 + 30 - 12?
-29
Evaluate (-88 + 0 - (-360 - -338)) + 23.
-43
What is the value of -21 - (-81 + (-4 - 17) + 37)?
44
-30 - (11 + 20 + -6 + -51 - -11)
-15
Calculate -45 + (-7 - 2) - (-128 + 111).
-37
Evaluate 11 - (-30 - (-4 + 0 + -9)).
28
Evaluate (16 - ((-9 - -12) + 15)) + (6 - 3 - -98).
99
What is -2 + 59 + (139 - 150 - (-15 + 0) - 10)?
51
Calculate (-9 + 1 - (65 - 51)) + 26.
4
What is (-1 - (-5 + 11)) + (-6 - (2 + 9)) + 7?
-17
What is (-1 - 1) + 14 + -238 + 225 - -47?
46
(6 - (3 + 0)) + 62 + -62 - 3
0
Calculate (-2 + -10 + 2 + 10 - (0 - 4)) + -7.
-3
89 + 12 + (-21 - 5) + 2
77
What is 35 + 67 + -75 + (4 - 0 - (2 + -9))?
38
What is -30 - (-30 + -3) - (-3 + 3 + -6)?
9
0 + 12 + (15 - (-1 + 55) - -40)
13
Calculate 1 + (1 - -74 - (14 - (19 + -20))).
61
What is 8761 + -8812 + (1 + 0 - 24 - 0)?
-74
Evaluate (3 - -1) + 6 - (-42 - (2 - (6 - -14))).
34
(8 - (-15 + 16)) + -8 + 10 + 24
33
(5 - (4 - -6)) + 15 - 2 - (-591 + 555)
44
Evaluate 1 + -7 + (7 - 1) + (24 - -21) + 7.
52
What is 69 + (-227 - (-37 - 84))?
-37
What is (24 - 80) + 5 + 38?
-13
Calculate 1 + -1 - ((0 - 0) + 45) - (57761 - 57770).
-36
(31 + -61 + 39 - (1 - 6)) + 56
70
What is -1022 + 1023 + (-1 - -9)?
9
What is the value of -1 + 1 - (162 - (55 + 159))?
52
Evaluate 11721 + -11704 + -1 + -1 + 22.
37
What is -7 + -115 - (-621 + 516)?
-17
What is the value of 10 + ((-14 - 1) + (92 - 126) - (-2 + 14))?
-51
What is (23 - -1 - (75 - 63)) + -47 + 9?
-26
What is the value of (51 + -21 - (134 + -55)) + -14?
-63
What is -39 + 45 + -9 + -5?
-8
What is -31 + -3 - (-436 + 469)?
-67
What is -208 - (61 + 124 + -267)?
-126
Evaluate (62 - (16 + -29 + 41)) + (7 - 0).
41
What is (-1414 - -1330) + -4 + 20 + -1?
-69
What is -10 - (-12 + 2) - (-25 + -10) - -10?
45
Calculate (27 + 12 - 17) + -23 + -34.
-35
What is -29 + -2 + -4 + 1 + 7 + -4 + -5?
-36
What is -3 + -6 + (23 - 13) + 2 + 5?
8
6 + -2 + -3 - (88 - -2) - (62 + -54)
-97
What is the value of 12 - ((-13 - -28) + -8 + -9 - -69)?
-55
-106 + -14 + 27 - -23 - (-11 + 0)
-59
What is the value of -3071 + 3081 - (1 - (35 + -4))?
40
Calculate (17 - (-14 + 40) - 9) + (3 - -15).
0
Evaluate -72 + -53 + 9 + 91.
-25
What is (-38 - 12) + -33 + -7 + -2 + 6?
-86
Calculate -17 + 1 - (48 - 87).
23
What is -94 - (4 + (0 - 189))?
91
What is 77 + 8 + (19 - 55 - -16)?
65
-1 - -15 - (-19 + -6 + 23 + 3) - 90
-77
Calculate (228 - (24 + 99)) + -216.
-111
Calculate 37 - ((-15 - 52) + 132).
-28
What is the value of -5 + -18 + -10 + -20 + 39?
-14
What is (0 + -11 - (-128 - -93)) + -4?
20
What is (9 - -1) + 48 - (-2 + 3 - -6)?
51
What is -31 + (71 - (-20 - -45)) - 52?
-37
What is -5 + (7 - (-1 - -4 - 37 - (-10 + 0)))?
26
What is 3 - (2 - (4 - (20 - 10))) - (-21 - 8)?
24
Evaluate 17 - ((-34 - -32 - (31 + 4)) + 3).
51
What is 107 + -158 + 5 + -8 + -25?
-79
(18 - 16) + (-7 - -6) + (1 - -97) + 15
114
(-767 - -775) + -1 + (-1 - -7) + -1
12
What is (-1 - 10 - (16 + 69 + -95)) + 1 + 16?
16
Calculate 1 - 47 - (33 - (-50 + 91 + -26)).
-64
Evaluate -14 + (9 - (5 + 1 + -10)) + -10.
-11
(79 - 43 - 49) + 10
-3
What is 14 + ((31 - 72) + 35 - -9)?
17
What is the value of (2 - -12) + (63 - 67) + -73?
-63
Evaluate -14 + 23 - (13 + 12 + -18 + -13).
15
Evaluate 17 - (-66 + (-44 - -70)).
57
Evaluate 75 + -102 - (19 + (-89 - -6)).
37
Calculate -3 - (36 + (39 + -35 - (-2 - 8))).
-53
94 + -54 + 59 - -7
106
What is the value of -16 + (30 - 11) - (41 + -3 + 23 + -18)?
-40
What is the value of 12 + (12 + (18 - 31) - -10)?
21
Evaluate 37 + -32 - (34 + 8 - 11).
-26
Calculate (51 - -1) + 0 - (-3 + -29 + 17 + 9).
58
What is the value of (22 + -3 - (178 + -170)) + 21?
32
Calculate -141 - (112 + -386) - 71.
62
Evaluate 3 - 41 - (-17 + -41) - 31.
-11
10 - (-17 - (-16 - 4)) - -4
11
1 - 35 - (-756 + 737)
-15
Calculate (32 - (69 + 8)) + 30.
-15
Evaluate -3 - (-34 - (-36 + -10) - (-13 + -1 + -3)).
-32
What is the value of (-5 - (-8 - 0 - -1)) + (-120 - -95)?
-23
Calculate (-20 + (53 - 21) - (-2 + 19)) + 21 + 0.
16
(291 - 254) + (-29 - 6)
2
-7 - (-9 - -3) - (14 - -2)
-17
What is the value of (34 + -42 - -20) + (3 - 76)?
-61
Calculate 8 + (25 - 65) - (-53 - -99).
-78
30 + (16 - -11) + -62
-5
Evaluate -23 + (6 - (-6 + 1) - (6 - (3 - 11))).
-26
Calculate 16 - ((-12 - 13 - -10) + 10).
21
What is 266 + (-431 - -177) + (25 + 1 - 1 - 2)?
35
(-336 - -339) + 23 + 0 - -39
65
What is the value of -113 + 8 + -56 + -15 + 109?
-67
Evaluate 8 + (-18 - -6) + -63.
-67
What is the value of 10 + 19 + -20 - (2 - (-2 + -1))?
4
Evaluate 1 - 19 - (-65 + (72 - 35)).
10
Evaluate -27 + 22 + (-21 - 28).
-54
What is -30 - (13 + (19 - -10 - 20))?
-52
Calculate -108 + (-54 - -127) + (3 - -151).
119
What is the value of 91 + (-86 - -74) - 91?
-12
Evaluate (-17 - 3) + (23 - -15) - -5.
23
Calculate 3 + (10 - (0 + 14 + 204 + -89 + -2)).
-114
What is (3 + -2 - 30) + (168 + 20 - 199)?
-40
What is (-40 + 31 - (-9 + -2)) + 30 + 0 + 3?
35
Evaluate (-115 - -125 - 70) + -34 + -1.
-95
Calculate -129 - (105 + -209 + -105).
80
What is the value of (0 - -91) + 169 + -202?
58
Evaluate 21 + (-21 - 1 - -10 - -4) + -33.
-20
Evaluate 5 + 32 - (-62 - 2 - -43).
58
(-2 - -34) + (-582 - -488) - (0 + 0 - -5)
-67
What is the value of 13 + -19 + (17 - 14) + -7 + 0 + 27?
17
What is 11 - (-4 - (23 + -9 + -28 + 16))?
17
What is (-1 - 1) + 8 - (-12 - -12 - -5) - 44?
-43
What is the value of -24 - (14 - 75) - 64?
-27
Evaluate 18 + (12 - (-9 + 32)) + -46 - (12 + -2).
-49
What is the value of -34 + -43 + 112 - 33?
2
What is the value of (-5357 - -5362) + 2 + 53?
60
What is the value of 12 + (8 - (3 - -16) - -25) + 1?
27
What is the value of (66 - (-3 - -70)) + 19?
18
124 + (-1 - 3 - ((38 - 13) + -13) - -10)
118
What is the value of -26 - (-13 - (0 - (3 - -6 - 3)) - -14)?
-33
Calculate (43 - 90) + 18 + 1 - 18.
-46
(-9 - 45) + 187 + -169
-36
What is the value of -22 + 6 + 17 + 35 - -18?
54
What is 88 + (1 - 1 - (18 + -20)) - 9?
81
What is 36 + -1 + -145 + 167 + -28 + 0?
29
32 + (-36 - 21 - -37) + -86 + 1
-73
Evaluate -64 + (-63 - (-166 - -59)).
-20
Evaluate -123 + (96 - (-61 - -127)).
-93
What is the value of 5 + -4 + 8 - (45 + -21)?
-15
Evaluate (28 - (15 - 8) - 15) + (-12 - 0) - -7.
1
Evaluate 44 + (554 - 573) + 1 + -9.
17
What is 97 - (30 + -51 - -13 - -30)?
75
Evaluate (1 - 10) + 20 + (48 - ((5 - 3) + -13)).
70
Calculate 58 + -114 + 15 - -17.
-24
What is -75 + -8 + 6 + 25 + -20 + 5?
-67
Evaluate 125 - 26 - (9 + (2 - 5) + 39 + -34).
88
-16 + -2 + 66 + -1 + 21 + -9
59
Calculate -29 + (-5 + 131 - (-14 - 2)).
113
Evaluate 9 + -1 + -26 + 13 + 83.
78
What is the value of (1063 - 1091) + 20 + 0?
-8
Evaluate (-8 - (9 - 4) - 79) + 0.
-92
What is -3 + -2 + (2 - 2) - (-388 - -331)?
52
(56 - -8) + -124 - -19
-41
(-63 - -103 - -38) 